 460648/(-852) is divided by 155?
74
Let d = 7392 - 7390. Calculate the remainder when 28 is divided by d.
0
Let v = -5915 - -5950. What is the remainder when 963 is divided by v?
18
Let j be ((-2)/(-2))/((-1)/(-426)) + 3. Let g = j - 241. What is the remainder when 121 is divided by -3*(2 - g/12)?
39
Calculate the remainder when 1165 is divided by (4 + 1 - 3)*((-318)/(-4) + 4).
163
Suppose -d - 5*h = 29, -3*d = h + 108 - 7. Let s = d + 36. Calculate the remainder when 10530/891 - 2/(-11) is divided by s.
0
Let q(w) = -w**3 + 11*w**2 + 23*w - 43. Suppose 10*v - 102 = -2. Calculate the remainder when q(v) is divided by 58.
55
Suppose 2*z + 4*s = 3*s + 56, 2*s = -3*z + 83. Suppose -6*c = -851 - 517. Let k = c - 116. Calculate the remainder when k is divided by z.
25
Let m(o) be the third derivative of o**6/120 + 13*o**5/30 + o**4 + 9*o**3 - 45*o**2 - 3*o. Calculate the remainder when 152 is divided by m(-25).
73
What is the remainder when 36*216/32 - (-6 + 1) is divided by 117?
14
Suppose -s + 5*z + 6 = 0, 15*s - 5*z = 10*s + 30. Suppose -10*i = -s*i - 1020. Calculate the remainder when i is divided by 43.
40
Let c(s) = 97*s + 3548. What is the remainder when c(-17) is divided by 50?
49
Suppose -2*j = 4*m - 618, -919 = -3*j - 176*m + 178*m. Calculate the remainder when j is divided by 33.
10
Let l = -374 + 465. Suppose -49*g - l = -56*g. What is the remainder when 58 is divided by g?
6
Suppose 3 = i, 7*a - 30 = 5*a - 6*i. Calculate the remainder when 1324 is divided by a.
4
Let x be ((-7)/(-21) + 1)/((-8)/(-6)). Let c(r) = 60*r - 18. Calculate the remainder when 107 is divided by c(x).
23
Suppose t = -5*i + 1212, -2*i - 3*t + 488 = -t. Calculate the remainder when i is divided by 13.
8
What is the remainder when 2890/14 - 159/371 is divided by 67?
5
Let l(f) = f + 2. Suppose -14*d + n = -10*d + 5, -5*n = -4*d - 25. What is the remainder when 5 is divided by l(d)?
1
Suppose 28*f = 40*f - 108. Suppose -2*y + f*y - 231 = 0. What is the remainder when y is divided by 7?
5
Let z = -1486 + 1493. Let f(i) = i + 6. Let p be f(-5). Suppose -2*v - p = -u, -2*v + 1 = -1. What is the remainder when z is divided by u?
1
Suppose 4*r = 2*l - 20 + 4, -3*l + r = -29. Suppose 91 = -5*f + 466. What is the remainder when f is divided by (-2)/l - (-768)/40?
18
Let p be (-1 - 36/(-20))*10/(-4). Let s be p/(-7) + 25/35. Let w(l) = 38*l - 1. What is the remainder when 73 is divided by w(s)?
36
Suppose -4 = -4*k + 20. Suppose 17 + 25 = 3*w - 3*j, -5*j - 52 = -4*w. Let n = -7 + w. What is the remainder when n is divided by k?
5
Let i(o) = 38*o**2 - 1632*o - 4883. Calculate the remainder when i(-3) is divided by 51.
49
Let h = -323 - -349. Let a(d) = 13*d - 202. Calculate the remainder when a(h) is divided by (-278)/(-6) - (-3)/(-9).
44
Let f(y) = -2*y**2 - 109*y - 208. Calculate the remainder when f(-45) is divided by 93.
89
Let b(s) = -30*s + 275. Calculate the remainder when 502 is divided by b(9).
2
Let g = 5 - 5. Suppose g*o + 5*o = 45. Suppose -o*j + 160 = -5*j. What is the remainder when 76 is divided by j?
36
Let s = 375 - 348. Suppose -28 + 144 = 3*o + 4*g, o + 2*g = 38. Let w = o - s. What is the remainder when w is divided by 8?
5
Suppose 3*v - 28 = 5*n, -4*v - 22 = -v + 5*n. Suppose 2*q + v = -5. Let b(p) = -p**3 - 3*p**2 - 5*p - 4. What is the remainder when 30 is divided by b(q)?
8
Let q = -3595 - -3611. Calculate the remainder when 509 is divided by q.
13
Let b(d) = 25*d + 103. Let r be b(-3). Let t(u) = u**3 - 30*u**2 + 57*u + 8. Calculate the remainder when t(r) is divided by 25.
11
Suppose 0*a + 3*a - 63 = 0. Suppose 2*o - a = 29. What is the remainder when 4880/50 - ((-6)/(-10))/((-8)/(-8)) is divided by o?
22
Suppose v + 4*u = 10, -u = 3*v - v - 13. Let a = -15835 + 15851. Calculate the remainder when 458/v + (-6)/(-9) is divided by a.
13
Let d(v) = -3*v**2 - 46*v - 13. Let h be d(-20). Let u = -289 - h. Calculate the remainder when 27 is divided by u.
3
Let j(q) = q + 18. Let x be j(-16). Let z be 0/3 - (-48)/x. Suppose 20*t - z*t = -48. What is the remainder when 33 is divided by t?
9
Suppose -r = -6*r - 4*i + 43, -3*r + 17 = -2*i. Suppose 5*z + 2 = r, -2*a = z - 65. Calculate the remainder when 119 is divided by a.
23
What is the remainder when -20*(113/226)/(1/(-50)) is divided by 17?
7
Suppose -4*h + 36 + 32 = 0. Suppose 0 = 5*q + q - 348. Calculate the remainder when q is divided by h.
7
Suppose -18718 = -2*d - x, 3*d - 28077 = 31*x - 5*x. What is the remainder when d is divided by 65?
64
Let i = -802 - -1172. Let g = 391 - i. What is the remainder when 118 is divided by g?
13
Suppose -19 = -p - 3*b, 68*p - 72*p + 2*b = -104. Suppose 169 = x + p. Calculate the remainder when x is divided by 15.
9
Let g(n) = 259*n + 8. Let w(b) = -173*b - 5. Let f(z) = -5*g(z) - 7*w(z). What is the remainder when f(-5) is divided by 22?
19
Let r = 695 + -582. Calculate the remainder when 137 is divided by r.
24
Let o(x) = 22*x**2 - 7*x - 3. Let u be o(-3). Let d = u - 130. Calculate the remainder when d is divided by 18.
14
Let r be 0 + -1 + 35/7. Suppose 3*o - r = 4*s, -5*s - 5 = -0*o + 2*o. Let u(z) = -z**3 + z**2 + z + 46. Calculate the remainder when u(o) is divided by 8.
6
Let g(c) = -4*c + 12. Let v be g(2). Suppose l + 2*l + 66 = v*u, 4*u + 5*l - 82 = 0. What is the remainder when u is divided by 5?
3
Let r(y) = -866*y + 867*y + 314 + 30. Calculate the remainder when r(-10) is divided by 14.
12
Suppose 2*z - 4*z = 3*x - 69, 2*z - 70 = -4*x. Suppose -99 = -3*v + r, -v - 4*r = r - z. What is the remainder when 195 is divided by v?
30
Suppose -2700 = -976*b + 946*b. What is the remainder when b is divided by 39?
12
Let m = 1211 + -1171. Calculate the remainder when 177 is divided by m.
17
Suppose -10 = 12*m - 34. What is the remainder when 119 is divided by 9/54*236 + m/3?
39
Suppose -260 + 231 = -w. Suppose 0 = -25*c + w*c - 580. What is the remainder when c is divided by 49?
47
Let b be ((-8)/1)/(16/(-248)). Let w = b - 74. Calculate the remainder when 299 is divided by w.
49
Let g(p) = 72*p - 8762. Calculate the remainder when g(152) is divided by 95.
92
Let g(n) = 3*n**2 + 4*n - 38. Let p be 25/10*10/1. Suppose 2*a - 3*a = -p. Calculate the remainder when g(-6) is divided by a.
21
Let o(l) = -62*l - 2079. What is the remainder when o(-45) is divided by 104?
87
Let f = 305 - 217. Let y = 134 + -72. Let m = y + -44. What is the remainder when f is divided by m?
16
Let r = 126 - 120. What is the remainder when ((-196)/6)/(2 - 16/r) is divided by 25?
24
Let j = -6179 - -6452. Calculate the remainder when j is divided by 73.
54
Let l = 172 + -122. Let v(b) = -b**3 - b**2 - 2*b - 3. Let s be v(-3). Suppose 0 = -18*z + s*z - 435. Calculate the remainder when z is divided by l.
45
Suppose 0 = -3*l + 15, -38*l - 1772 = -3*b - 42*l. Calculate the remainder when b is divided by 194.
2
Suppose -3*k + 5*h + 56 = 0, -82*k - 4*h = -79*k - 101. What is the remainder when (0/2 + 3)*16 is divided by k?
21
Let m = -84 - -126. What is the remainder when (-97440)/(-432)*3/5 - (-12)/(-9) is divided by m?
8
Let j = -108 - -126. What is the remainder when 84/(-28)*(-1 - 0 - j) is divided by 21?
15
Let j = -589 - -589. Suppose j = -5*d + 4*s + 2370, -s = -3*d + 1150 + 279. Calculate the remainder when d is divided by 21.
16
Suppose -24*y = -17*y - 77. Suppose 155 = 4*g - 3*n, -y*n + 8*n = -9. What is the remainder when 91 is divided by g?
9
Suppose -239*z = -240*z - 245. What is the remainder when 28 is divided by (-10)/(-8) - (8 + z/28)?
0
Let v = -4725 + 4762. Calculate the remainder when 46 is divided by v.
9
Let m(x) = -x**3 + 5*x**2 - 2*x + 12. Let o be m(5). Let y be o*(-1*(-4 - -5))/1. What is the remainder when 37 is divided by y/2*(-44 - -23)?
16
Suppose -5*r + f = -150, -5*r - 5*f + 93 + 27 = 0. Let n = 62 - r. Let u(z) = -z**2 - 78*z - 783. What is the remainder when n is divided by u(-66)?
6
Suppose 15 = 3*y, -3*g + 840 = 3*y - 225. Calculate the remainder when 1230 is divided by g.
180
Let i be 582/(-42) + (-6)/(-7). What is the remainder when 29 is divided by i/(-5) + 36/(-60)?
1
Suppose 0 = -2*s - 4*j + 934, 2*s - j = s + 482. Let m = s + -379. What is the remainder when m is divided by 2?
0
Calculate the remainder when 1289/2 + ((-41)/(-2) - 17) is divided by 